101321. Determine p(12).
-1997
Let b(v) = 21441*v + 2165569. Calculate b(-101).
28
Let g(d) = -4385*d - 5169910. Determine g(-1179).
5
Let q(z) = 2948*z + 12376. Calculate q(-4).
584
Let f(s) = -s**2 - 8070*s + 48415. What is f(6)?
-41
Let b(p) = -16*p - 1588. Calculate b(-91).
-132
Let l(s) = -12*s**2 - 224*s - 1401. Calculate l(-15).
-741
Let u(c) = -26*c**2 - 71*c - 367. Calculate u(-6).
-877
Let t(d) = -d**3 + 23*d**2 - 1180*d + 22394. Give t(20).
-6
Let b(c) = 2*c**3 - 98*c**2 - 646*c + 275. Calculate b(55).
1045
Let w(m) = -m**2 + 70*m - 1140. Calculate w(42).
36
Let c(b) = -b**3 + 29*b**2 + 1633*b - 240. What is c(-28)?
-1276
Let j(f) = 26*f**3 + 139*f**2 - 32*f - 77. Determine j(-5).
308
Let i(f) = -1930*f + 79137. What is i(41)?
7
Let h(b) = 18*b - 2925. Calculate h(127).
-639
Let t(i) = -4*i**3 + 141*i**2 + 222*i - 9007. Calculate t(35).
-12
Let v(g) = 3*g**2 - 3544*g - 71767. Give v(-20).
313
Let r(v) = 6*v**3 + 1164*v - 1165. What is r(1)?
5
Let m(s) = -14*s + 2518. Give m(-22).
2826
Let u(l) = -177*l**2 + 58*l - 117. What is u(2)?
-709
Let d(q) = -q**3 - 27*q**2 + 7*q - 174. Determine d(-32).
4722
Let g(f) = -5*f**2 + 33986*f - 67946. What is g(2)?
6
Let a(l) = -27*l**3 + 80*l**2 - 5733*l + 17208. Give a(3).
0
Let r(y) = -12588*y - 113507. Calculate r(-9).
-215
Let p(x) = -x**3 - 228*x**2 - 8085*x + 6739. Give p(-45).
-11
Let z(o) = -2*o**3 - 13*o**2 - o - 41. Determine z(-5).
-111
Let b(s) = -s**3 - 468*s**2 + 4792*s + 5735. Give b(-478).
-1
Let w(s) = -s**2 - 59*s - 3. What is w(-46)?
595
Let y(b) = 2*b**3 - 41*b**2 - 30*b - 247. Give y(21).
-436
Let b(o) = -o**3 - 90*o**2 - 61*o + 2486. Determine b(-89).
-6
Let z(t) = 25*t**2 + 6337*t - 107799. Give z(16).
-7
Let w(l) = -9*l**3 - 1104*l**2 + 1489*l + 185. What is w(-124)?
61
Let x(t) = 21*t**3 + 44*t**2 + 39*t - 73. What is x(2)?
349
Let u(o) = -2*o**2 + 77*o + 4604. Calculate u(71).
-11
Let w(c) = -c**2 + 284*c - 3533. What is w(13)?
-10
Let w(i) = 576*i + 4408. Calculate w(-10).
-1352
Let s(f) = -5*f**2 - 140*f + 664. Calculate s(-31).
199
Let y(w) = 10550*w + 527465. What is y(-50)?
-35
Let n(p) = 19436*p - 971798. Determine n(50).
2
Let i(u) = 10*u**3 + 132*u**2 + 244*u - 33. Determine i(-2).
-73
Let l(b) = -25*b**2 + 2871*b + 2875. Give l(-1).
-21
Let k(c) = 113*c**2 + 1323*c + 44. Give k(-11).
-836
Let v(i) = 53497*i + 160741. Calculate v(-3).
250
Let a(d) = -98701*d - 592169. Give a(-6).
37
Let r(u) = u**3 + 82*u**2 - 139*u + 2534. What is r(-84)?
98
Let q(d) = d**3 + 92*d**2 - 12283*d - 243. Calculate q(-166).
-409
Let r(x) = x**3 + 4*x**2 + 14*x. Calculate r(-7).
-245
Let x(c) = -2*c**3 - 54*c**2 - 119*c + 1475. Calculate x(-23).
-20
Let x(h) = -215*h + 51. Calculate x(8).
-1669
Let a(s) = 25*s**2 + 4781*s + 14262. Give a(-3).
144
Let h(t) = 312*t**3 - 4*t**2 + 186*t + 186. Give h(-1).
-316
Let b(s) = -7*s**3 - 60*s**2 + 181*s + 11. What is b(3)?
-175
Let k(o) = 3264*o + 26140. Calculate k(-8).
28
Let u(d) = d**3 + 106*d**2 - 1365*d - 635. Determine u(12).
-23
Let z(r) = 805220*r + 4831315. Determine z(-6).
-5
Let w(x) = -x**3 - 38*x**2 + 1253*x + 1255. What is w(-60)?
5275
Let d(x) = -x**2 - 1764*x - 55407. Give d(-32).
17
Let p(t) = t**3 + 142*t**2 - 1779*t - 63408. What is p(-151)?
12
Let q(d) = 17*d**2 + 8*d - 51. Determine q(5).
414
Let b(h) = -280*h - 3450. What is b(-13)?
190
Let a(o) = -15960*o + 111689. What is a(7)?
-31
Let s(r) = r**3 - 8*r**2 + 196*r - 1361. Give s(7).
-38
Let p(k) = k**3 + 45*k**2 + 95*k + 682. Determine p(-44).
-1562
Let c(n) = -4*n**3 + 578*n**2 - 293*n + 721. Calculate c(144).
1
Let p(j) = -5*j**3 - 89*j**2 - 21*j + 191. What is p(-18)?
893
Let v(p) = -6*p**2 + 127*p - 498. Calculate v(15).
57
Let b(l) = -46*l + 3604. Determine b(79).
-30
Let u(i) = i**3 - 251*i**2 - 5431*i - 239. Give u(-20).
-19
Let f(t) = t**3 + 57*t**2 - 385*t + 60. What is f(6)?
18
Let l(y) = 2*y**3 - 700*y**2 + 8*y - 2762. Give l(350).
38
Let p(n) = -3*n**2 - 744*n + 2764. Calculate p(-252).
-260
Let n(t) = 10*t**2 - 380*t - 1493. Determine n(-4).
187
Let u(d) = 11*d**2 - 25*d - 11. Determine u(0).
-11
Let c(p) = 5*p**3 + 39*p**2 - 2371*p - 29. Give c(-26).
101
Let k(o) = -o**3 + 153*o**2 - 5542*o - 381. Calculate k(94).
-5
Let u(s) = -3*s**3 - 3694*s**2 - 243882*s - 153. What is u(-70)?
-13
Let y(d) = d**3 + 10*d**2 - 98*d - 334. Give y(-16).
-302
Let s(j) = 5815*j + 430320. Determine s(-74).
10
Let r(p) = -p**3 - 313*p**2 + 3935*p + 11353. What is r(-325)?
-22
Let o(m) = -m**2 + 42*m - 39. Calculate o(22).
401
Let a(w) = 4367*w**2 + 152837*w - 231. Calculate a(-35).
49
Let j(g) = -279002*g - 2790056. Give j(-10).
-36
Let c(v) = -v**2 + 15*v + 459. Determine c(27).
135
Let y(c) = c**3 + 948*c**2 + 1613*c - 1154784. Determine y(-945).
6
Let f(c) = c**2 - 225*c + 12399. What is f(96)?
15
Let f(s) = 2*s**3 - 269*s**2 + 2089*s - 300226. What is f(135)?
14
Let b(q) = -9*q**2 - 278*q + 1462. What is b(5)?
-153
Let x(a) = -2*a**3 + 57*a**2 - 1141*a + 28621. Determine x(27).
1
Let c(d) = -d**2 - 172*d + 529. Determine c(3).
4
Let z(k) = -13*k**2 + 298*k - 1822. What is z(21)?
-1297
Let x(u) = 14*u**2 - 1077*u + 5346. Give x(5).
311
Let u(l) = -240*l**2 - 250833*l - 34490. Give u(-1045).
-5
Let q(b) = -2*b**2 + 244*b - 6365. Determine q(49).
789
Let a(h) = 60*h**2 - 2332*h - 133. What is a(39)?
179
Let r(n) = -496*n - 1379. What is r(-4)?
605
Let b(z) = 4*z**2 - 363*z - 3353. Calculate b(-9).
238
Let m(p) = -443*p - 4041. Calculate m(-7).
-940
Let f(c) = -21*c**2 - 231*c + 472. Give f(2).
-74
Let w(l) = -3*l**2 + 1174*l - 80093. What is w(88)?
-13
Let w(p) = -2179*p - 1830358. Calculate w(-840).
2
Let w(d) = -11685*d - 958056. Determine w(-82).
114
Let u(b) = -100*b**2 - 6314*b - 956. Calculate u(-63).
-74
Let n(c) = -137*c + 28398. Determine n(208).
-98
Let t(b) = 2*b**3 + 117*b**2 + 43*b + 458. What is t(-58)?
1328
Let g(n) = -160*n - 2155. Calculate g(-12).
-235
Let g(v) = -2*v**3 + 213*v**2 - 833*v + 53. What is g(4)?
1
Let o(u) = 3329*u - 79896. What is o(24)?
0
Let i(z) = -z**2 + 19*z + 19867. Determine i(150).
217
Let k(a) = -3*a**2 - 767*a - 7133. Calculate k(-246).
1
Let t(l) = 2*l**2 - 84351*l - 3968914. Give t(-47).
1
Let w(d) = 8027*d - 2. Determine w(0).
-2
Let p(n) = n**2 + 888*n + 149183. Give p(-225).
8
Let k(s) = -33*s**2 + 8*s - 363. Determine k(0).
-363
Let d(m) = 65*m**2 - 236*m + 188. Give d(1).
17
Let a(u) = -10163*u + 50837. Give a(5).
22
Let q(d) = 39*d**2 + 1398*d + 8330. Calculate q(-28).
-238
Let a(y) = 4*y**3 + 1120*y**2 + 98*y + 27434. Give a(-280).
-6
Let i(k) = -k**3 + 22*k**2 + 2187*k + 25. What is i(59)?
261
Let i(w) = 111*w**2 + 972*w - 298. Give i(-9).
-55
Let g(c) = 3994058*c - 15976200. Give g(4).
32
Let f(j) = -j**2 + 2148*j - 562116. Calculate f(305).
-1
Let m(p) = -44*p**2 + 1186*p - 10562. Give m(9).
-3452
Let u(g) = -2*g**3 - 4914*g**2 - 58679*g + 8. What is u(-12)?
-4
Let v(a) = -5049*a + 36555. Give v(7).
1212
Let t(a) = -5225*a + 350093. What is t(67)?
18
Let q(f) = -42*f**2 - 573*f + 3765. Calculate q(5).
-150
Let z(u) = 22*u**2 + 32533*u + 32532. Give z(-1).
21
Let d(o) = -3*o**2 - 129*o + 2837. Determine d(16).
5
Let a(c) = -c**3 + 4*c**2 + 3*c + 91. Calculate a(0).
91
Let c(t) = -3475*t - 767927. Calculate c(-221).
48
Let u(d) = 2759*d - 2578. Give u(1).
181
Let i(u) = 44*u**2 - 1260*u - 590. Calculate i(29).
-126
Let h(m) = -7*m**2 + 407*m - 1561. Give h(54).
5
Let k(r) = 262930*r - 1577576. Determine k(6).
4
Let a(h) = -4*h**3 + 92*h**2 - 4*h - 13. What is a(23)?
-105
Let s(t) = -t**3 + 142*t**2 + 1037*t - 46. Give s(-7).
-4
Let y(s) = -6*s**3 + 14*s**2 + 2*s - 13. Give y(4).
-165
Let m(k) = -12*k**2 + 31*k - 280. Give m(11).
-1391
Let d(z) = 9436*z - 113251. Determine d(12).
-19
Let q(g) = 364*g + 427. Calculate q(0).
427
Let u(d) = -d**2 + 8390*d - 8301630. Give u(1146).
-6
Let y(q) = 6*q**3 - 6*q**2 - 881*q + 2664. Calculate y(3).
129
Let h(u) = u**3 + 23*u**2 - 45*u - 412. What is h(-23)?
623
Let x(k) = -80483*k - 6921551. Determine x(-86).
-13
Let n(z) = -556*z - 2670. What is n(-5)?
110
Let a(v) = -2*v**3 + 61*v**2 + 20*v + 212. Calculate a(32).
-2220
Let r(n) = 197*n**2 - 43733*n - 5. Determine r(222).
217
Let r(d) = -3*d**2 + 276*d - 4461. Determine r(71).
12
Let f(w) = -584*w - 8171. Calculate f(-14).
5
Let 